2 (base 12) to base 13.
2
What is 6 (base 12) in base 9?
6
b (base 15) to base 2
1011
What is 2 (base 12) in base 8?
2
Convert 101001000 (base 2) to base 7.
646
-1 (base 11) to base 3
-1
301 (base 6) to base 13
85
104 (base 9) to base 7
151
Convert -14 (base 6) to base 13.
-a
Convert 59 (base 16) to base 6.
225
What is 2011 (base 4) in base 6?
341
0 (base 16) to base 7
0
Convert 5 (base 11) to base 6.
5
Convert -112 (base 11) to base 15.
-8e
What is 323 (base 4) in base 7?
113
What is 0 (base 15) in base 16?
0
-5 (base 7) to base 10
-5
What is -3 (base 9) in base 11?
-3
-13 (base 6) to base 7
-12
What is -102 (base 15) in base 3?
-22102
1033 (base 5) to base 8
217
What is 14 (base 8) in base 14?
c
What is -2101 (base 4) in base 6?
-401
0 (base 5) to base 10
0
Convert a4 (base 11) to base 8.
162
Convert 312 (base 4) to base 2.
110110
1 (base 7) to base 11
1
Convert 48 (base 12) to base 10.
56
-13 (base 6) to base 11
-9
Convert 153 (base 6) to base 7.
126
Convert 0 (base 9) to base 14.
0
10 (base 4) to base 7
4
16 (base 9) to base 16
f
Convert 10100 (base 2) to base 14.
16
113 (base 9) to base 4
1131
What is -187 (base 13) in base 3?
-101101
What is -33 (base 13) in base 14?
-30
-2 (base 10) to base 15
-2
Convert -2 (base 10) to base 2.
-10
Convert -11 (base 5) to base 2.
-110
Convert 0 (base 15) to base 12.
0
What is -a (base 16) in base 2?
-1010
-1 (base 12) to base 15
-1
What is 10 (base 14) in base 4?
32
What is 3 (base 15) in base 2?
11
Convert 1 (base 12) to base 7.
1
What is -11 (base 3) in base 12?
-4
11 (base 2) to base 5
3
Convert a2 (base 16) to base 8.
242
Convert -1a8 (base 16) to base 9.
-521
-13 (base 6) to base 7
-12
What is 1 (base 5) in base 16?
1
6 (base 15) to base 2
110
20 (base 12) to base 16
18
Convert 5 (base 14) to base 9.
5
Convert 11 (base 10) to base 4.
23
-a (base 12) to base 7
-13
Convert -42 (base 11) to base 8.
-56
3a (base 11) to base 3
1121
-314 (base 6) to base 15
-7d
-6 (base 14) to base 8
-6
57 (base 10) to base 4
321
-14 (base 15) to base 6
-31
Convert -2 (base 14) to base 7.
-2
Convert -1121 (base 3) to base 9.
-47
-2 (base 7) to base 11
-2
What is 1 (base 10) in base 7?
1
What is 50 (base 10) in base 9?
55
Convert -1 (base 2) to base 3.
-1
What is 10 (base 2) in base 6?
2
What is -3 (base 16) in base 7?
-3
2 (base 9) to base 10
2
1 (base 14) to base 16
1
What is 57 (base 9) in base 12?
44
11000011 (base 2) to base 15
d0
What is 16 (base 8) in base 3?
112
Convert -2 (base 6) to base 3.
-2
Convert 2 (base 14) to base 10.
2
Convert -3 (base 11) to base 4.
-3
Convert 1 (base 5) to base 4.
1
36 (base 9) to base 7
45
-208 (base 13) to base 12
-24a
Convert -148 (base 9) to base 8.
-175
What is -52 (base 13) in base 9?
-74
Convert -34 (base 11) to base 4.
-211
What is 235 (base 6) in base 7?
164
What is -68 (base 9) in base 4?
-332
-1 (base 16) to base 5
-1
What is 1 (base 8) in base 7?
1
What is -115 (base 12) in base 5?
-1121
Convert 40 (base 11) to base 15.
2e
What is -3 (base 15) in base 6?
-3
What is -38 (base 11) in base 8?
-51
-3 (base 7) to base 12
-3
Convert -111 (base 5) to base 11.
-29
Convert 26 (base 8) to base 3.
211
a (base 11) to base 7
13
Convert 2 (base 6) to base 4.
2
-101 (base 2) to base 15
-5
What is 1 (base 8) in base 4?
1
What is -2 (base 13) in base 11?
-2
What is -1a (base 15) in base 6?
-41
What is 0 (base 9) in base 10?
0
100000 (base 2) to base 4
200
Convert 19 (base 11) to base 15.
15
What is -110 (base 2) in base 10?
-6
What is -3 (base 15) in base 14?
-3
What is -4 (base 16) in base 7?
-4
60 (base 15) to base 9
110
Convert 5a (base 13) to base 4.
1023
-13 (base 5) to base 9
-8
Convert -21 (base 3) to base 7.
-10
Convert -25 (base 15) to base 7.
-50
-110 (base 4) to base 12
-18
What is -4 (base 5) in base 8?
-4
What is -13 (base 14) in base 7?
-23
2 (base 15) to base 8
2
Convert 6 (base 15) to base 7.
6
1 (base 10) to base 6
1
What is 2 (base 10) in base 7?
2
What is 41 (base 6) in base 16?
19
Convert -2 (base 10) to base 15.
-2
Convert 60 (base 11) to base 13.
51
What is -20 (base 4) in base 12?
-8
Convert -2 (base 12) to base 2.
-10
Convert -20 (base 3) to base 7.
-6
What is -3 (base 9) in base 12?
-3
10 (base 5) to base 7
5
Convert 23 (base 9) to base 2.
10101
1 (base 9) to base 16
1
Convert -9 (base 15) to base 9.
-10
What is 26 (base 8) in base 7?
31
Convert -1010001 (base 2) to base 3.
-10000
What is -12002 (base 3) in base 13?
-a7
What is 2 (base 12) in base 8?
2
Convert -302 (base 5) to base 9.
-85
-2 (base 3) to base 14
-2
What is -15 (base 8) in base 12?
-11
-10111 (base 2) to base 7
-32
70 (base 12) to base 9
103
-3 (base 11) to base 14
-3
What is -11 (base 5) in base 9?
-6
Convert -2102 (base 3) to base 7.
-122
Convert 2 (base 6) to base 13.
2
Convert -77 (base 12) to base 13.
-70
Convert 2 (base 9) to base 4.
2
-4 (base 14) to base 7
-4
11 (base 3) to base 11
4
Convert 1 (base 5) to base 9.
1
-39 (base 10) to base 16
-27
Convert 1312 (base 4) to base 7.
226
-3 (base 16) to base 10
-3
-7 (base 12) to base 8
-7
-39 (base 10) to base 6
-103
Convert -3 (base 10) to base 5.
-3
Convert -4 (base 12) to base 6.
-4
What is 3 (base 14) in base 9?
3
Convert -4 (base 14) to base 5.
-4
350 (base 11) to base 2
110100010
What is 6 (base 15) in base 3?
20
What is 9 (base 13) in base 12?
9
What is 10201 (base 3) in base 2?
1100100
Convert 2 (base 3) to base 6.
2
Convert 56 (base 8) to base 14.
34
-13 (base 4) to base 12
-7
-2 (base 14) to base 12
-2
Convert 11 (base 3) to base 5.
4
10111 (base 2) to base 6
35
What is -4 (base 9) in base 11?
-4
Convert -2 (base 4) to base 15.
-2
What is 0 (base 13) in base 11?
0
120 (base 3) to base 7
21
What is 191 (base 12) in base 6?
1101
132 (base 9) to base 15
75
-3 (base 5) to base 13
-3
Convert -64 (base 9) to base 13.
-46
Convert -3 (base 5) to base 7.
-3
What is 111 (base 3) in base 10?
13
55 (base 16) to base 6
221
13 (base 14) to base 2
10001
Convert -a7 (base 15) to base 4.
-2131
Convert -10 (base 6) to base 15.
-6
Convert 3 (base 12) to base 5.
3
8 (base 15) to base 14
8
-9a (base 11) to base 6
-301
1001101 (base 2) to base 5
302
What is 123 (base 12) in base 13?
102
Convert -53 (base 9) to base 3.
-1210
What is 5 (base 8) in base 15?
5
What is -8 (base 9) in base 16?
-8
What is -14 (base 14) in base 15?
-13
-50 (base 16) to base 12
-68
Convert 1 (base 13) to base 6.
1
25 (base 6) to base 2
10001
What is 6 (base 15) in base 4?
12
Convert 131 (base 6) to base 11.
50
Convert 5 (base 8) to base 14.
5
What is -71 (base 8) in base 3?
-2010
What is -3 (base 6) in base 13?
-3
Convert 30 (base 4) to base 7.
15
8 (base 9) to base 6
12
-3 (base 4) to base 11
-3
-89 (base 14) to base 5
-441
Convert 20 (base 6) to base 3.
110
-11 (base 7) to base 6
-12
102 (base 3) to base 7
14
What is 55 (base 7) in base 11?
37
Convert 1 (base 13) to base 5.
1
What is -3d (base 14) in base 12?
-47
What is 3 (base 10) in base 13?
3
What is 1 (base 12) in base 4?
1
131 (base 4) to base 16
1d
Convert 11002 (base 3) to base 13.
86
26 (base 9) to base 11
22
Convert 7 (base 10) to base 14.
7
Convert -20 (base 12) to base 15.
-19
What is 1040 (base 6) in base 10?
240
What is 301 (base 4) in base 8?
61
Convert 2 (base 4) to base 6.
2
-12112 (base 3) to base 15
-9e
Convert -5 (base 16) to base 9.
-5
1 (base 7) to base 8
1
7a (base 16) to base 11
101
What is -100 (base 3) in base 8?
-11
101 (base 3) to base 16
a
11 (base 15) to base 9
17
251 (base 6) to base 16
67
Convert -1110011 (base 2) to base 10.
-115
-2 (base 14) to base 5
-2
-1022 (base 6) to base 13
-149
-307 (base 10) to base 2
-100110011
What is -17c (base 15) in base 2?
-101010110
Convert 4 (base 9) to base 16.
4
16 (base 12) to base 7
24
-233 (base 6) to base 13
-72
-12 (base 16) to base 7
-24
Convert 5 (base 11) to base 8.
5
-222 (base 9) to base 6
-502
Convert -11323 (base 4) to base 9.
-461
-122 (base 3) to base 10
-17
What is -4 (base 9) in base 3?
-11
What is -223 (base 8) in base 4?
-2103
Convert -1 (base 4) to base 3.
-1
-1031 (base 5) to base 11
-119
What is -13 (base 12) in base 2?
-1111
Convert 3 (base 7) to base 5.
3
Convert -c (base 14) to base 5.
-22
Convert 2 (base 4) to base 2.
10
What is c (base 13) in base 5?
22
What is 0 (base 3) in base 11?
0
3 (base 5) to base 13
3
What is 16 (base 15) in base